 number?
True
Is 466603 a prime number?
True
Is 17077 a prime number?
True
Is 42899 a prime number?
True
Is 396137 a composite number?
True
Is 2581737 composite?
True
Is 1281259 composite?
True
Is 31511 composite?
False
Is 91527 a composite number?
True
Is 7901 a prime number?
True
Is 437809 composite?
False
Is 76519 prime?
True
Is 469 composite?
True
Is 220291 a composite number?
False
Is 99597 a prime number?
False
Is 534383 prime?
False
Is 6547 a prime number?
True
Is 1477 composite?
True
Is 17002 composite?
True
Is 16961 a composite number?
True
Is 11537 prime?
False
Is 16033 composite?
False
Is 42695 a prime number?
False
Is 1439057 a prime number?
False
Is 9277 composite?
False
Is 501941 prime?
False
Is 10847 prime?
True
Is 19493 prime?
False
Is 12494 composite?
True
Is 139143 a composite number?
True
Is 3389 prime?
True
Is 130769 a composite number?
False
Is 1269113 a prime number?
True
Is 66455 a prime number?
False
Is 293 prime?
True
Is 16567 a composite number?
False
Is 49729 a prime number?
False
Is 344347 a prime number?
True
Is 179513 composite?
True
Is 441517 a composite number?
False
Is 603989 a prime number?
True
Is 697 prime?
False
Is 22903 composite?
True
Is 173158 a prime number?
False
Is 463 a composite number?
False
Is 39979 composite?
False
Is 620497 a composite number?
True
Is 64981 a prime number?
False
Is 15997 composite?
True
Is 245773 composite?
True
Is 432851 composite?
True
Is 43141 a composite number?
True
Is 76181 a composite number?
True
Is 4373 composite?
False
Is 23803 a prime number?
False
Is 278543 prime?
True
Is 1218557 a composite number?
False
Is 4981 prime?
False
Is 2729 composite?
False
Is 15401 composite?
False
Is 15578 composite?
True
Is 89363 prime?
True
Is 187651 prime?
True
Is 1171 a composite number?
False
Is 8263 composite?
False
Is 20249 composite?
False
Is 1248173 a composite number?
True
Is 489977 a prime number?
True
Is 1991351 a prime number?
True
Is 292126 composite?
True
Is 57023 a prime number?
False
Is 38297 composite?
True
Is 1966 a prime number?
False
Is 72317 prime?
False
Is 1211 a composite number?
True
Is 21881 composite?
False
Is 277553 prime?
False
Is 547889 a prime number?
True
Is 219682 a composite number?
True
Is 45817 a prime number?
True
Is 105491 prime?
True
Is 99251 a composite number?
False
Is 26905 a composite number?
True
Is 7171 a composite number?
True
Is 560497 composite?
True
Is 36083 a composite number?
False
Is 42137 a composite number?
True
Is 86923 composite?
False
Is 687989 a composite number?
True
Is 83879 a composite number?
True
Is 36131 a prime number?
True
Is 79747 prime?
False
Is 10679 a prime number?
False
Is 168835 a prime number?
False
Is 225421 composite?
True
Is 12599 composite?
True
Is 73607 a prime number?
True
Is 22669 a prime number?
True
Is 32909 a composite number?
False
Is 368021 a composite number?
False
Is 191339 a prime number?
True
Is 641 a composite number?
False
Is 5273 a composite number?
False
Is 106885 composite?
True
Is 33809 a composite number?
False
Is 1140047 a composite number?
True
Is 6467 composite?
True
Is 64229 composite?
True
Is 2579 prime?
True
Is 47981 a prime number?
True
Is 177589 a composite number?
False
Is 73345 a composite number?
True
Is 292607 a composite number?
True
Is 17761 prime?
True
Is 21467 a composite number?
False
Is 24031 a composite number?
True
Is 5737 a composite number?
False
Is 356171 a prime number?
True
Is 959 prime?
False
Is 272393 a composite number?
True
Is 249113 a composite number?
True
Is 4197 a prime number?
False
Is 554471 a composite number?
True
Is 33997 prime?
True
Is 4253 composite?
False
Is 84629 a composite number?
False
Is 55243 composite?
False
Is 31013 a prime number?
True
Is 4919 a composite number?
False
Is 103739 composite?
True
Is 71594 a prime number?
False
Is 106087 prime?
True
Is 95311 prime?
True
Is 134639 a composite number?
False
Is 6621 a prime number?
False
Is 13571 composite?
True
Is 92623 composite?
False
Is 941819 prime?
False
Is 37153 composite?
True
Is 830003 composite?
False
Is 4271 a prime number?
True
Is 15529 a composite number?
True
Is 519469 a prime number?
False
Is 264507 prime?
False
Is 5623 a composite number?
False
Is 7817 composite?
False
Is 940321 prime?
False
Is 172663 a composite number?
False
Is 6421 composite?
False
Is 187381 a prime number?
False
Is 1767709 prime?
False
Is 1076527 a prime number?
False
Is 339211 prime?
True
Is 95671 prime?
False
Is 14449 prime?
True
Is 83751 prime?
False
Is 743507 a prime number?
True
Is 3727013 a composite number?
True
Is 537063 composite?
True
Is 17519 prime?
True
Is 85138 a composite number?
True
Is 35195 composite?
True
Is 471145 a composite number?
True
Is 11801 a composite number?
False
Is 3659 prime?
True
Is 1711895 composite?
True
Is 1272247 a composite number?
False
Is 24907 composite?
False
Is 39001 a composite number?
True
Is 10315 prime?
False
Is 88993 composite?
False
Is 268003 prime?
True
Is 2179 prime?
True
Is 15817 a composite number?
False
Is 32369 composite?
False
Is 59809 a prime number?
True
Is 157 a composite number?
False
Is 2664649 prime?
False
Is 452497 a prime number?
True
Is 9599 a prime number?
False
Is 420779 prime?
True
Is 8329 composite?
False
Is 5755 a composite number?
True
Is 62809 a composite number?
True
Is 23909 prime?
True
Is 8581 composite?
False
Is 13463 prime?
True
Is 62165 prime?
False
Is 75323 composite?
False
Is 8893 a prime number?
True
Is 9091 a composite number?
False
Is 18947 prime?
True
Is 1793 prime?
False
Is 570913 prime?
False
Is 176081 composite?
False
Is 32251 composite?
False
Is 39189 prime?
False
Is 519674 a composite number?
True
Is 1893 composite?
True
Is 7801 a prime number?
False
Is 16439 composite?
True
Is 1357 a composite number?
True
Is 862957 a composite number?
False
Is 391609 composite?
True
Is 354829 a composite number?
False
Is 58627 a composite number?
True
Is 182239 composite?
False
Is 15959 a composite number?
False
Is 181123 prime?
True
Is 5839 a prime number?
True
Is 66883 a composite number?
False
Is 9643 composite?
False
Is 12385 composite?
True
Is 1501 a composite number?
True
Is 678253 prime?
True
Is 2111 a prime number?
True
Is 31 a prime number?
True
Is 70931 composite?
True
Is 355417 prime?
True
Is 271879 a composite number?
False
Is 153991 a prime number?
True
Is 28501 composite?
True
Is 42235 a prime number?
False
Is 14953 a composite number?
True
Is 31973 a composite number?
False
Is 1565591 prime?
True
Is 100207 a composite number?
False
Is 102967 prime?
True
Is 9031 a prime number?
False
Is 192121 a prime number?
True
Is 39801 a composite number?
True
Is 31667 a composite number?
False
Is 34411 a composite number?
True
Is 13649 prime?
True
Is 32081 a composite number?
True
Is 143291 prime?
True
Is 636239 composite?
True
Is 32105 prime?
False
Is 219043 prime?
False
Is 1145659 a composite number?
False
Is 2355323 prime?
False
Is 426241 composite?
True
Is 686707 a prime number?
False
Is 964169 a prime number?
False
Is 89189 a composite number?
False
Is 1939 composite?
True
Is 108049 a prime number?
False
Is 207967 a composite number?
False
Is 1019 a prime number?
True
Is 2402 a composite number?
True
Is 90989 composite?
False
Is 6247 a composite number?
False
Is 415843 a prime number?
False
Is 22007 a prime number?
False
Is 17893 composite?
True
Is 3299 a composite number?
False
Is 261281 composite?
False
Is 106629 composite?
True
Is 433331 a composite number?
True
Is 34691 prime?
False
Is 408127 prime?
True
Is 56437 prime?
True
Is 6823 composite?
False
Is 879 composite?
True
Is 62723 composite?
False
Is 5779 prime?
True
Is 1901 composite?
False
Is 115319 prime?
True
Is 20063 a composite number?
False
Is 2574959 a prime number?
True
Is 226945 prime?
False
Is 20469 a composite number?
True
Is 68017 composite?
True
Is 30021 composite?
True
Is 50989 a prime number?
True
Is 389 prime?
True
Is 361547 prime?
False
Is 32749 a composite number?
False
Is 213713 a composite number?
False
Is 2459 a composite number?
False
Is 1939594 a prime number?
False
Is 4673 a prime number?
True
Is 243229 prime?
False
Is 64369 a composite number?
True
Is 598303 composite?
False
Is 10727 prime?
False
Is 1771453 a composite number?
False
Is 53615 a prime nu